)/(-1).
83
Suppose o = 4*o. Let t = o + 0. Let l = t - -11. List the prime factors of l.
11
Let a be 1 - (11/(-4) - 7/28). Suppose -4*y = 20, -5*c = -2*c + a*y - 193. What are the prime factors of c?
71
What are the prime factors of 6/33 + (122528/44)/7?
2, 199
Let g be 23/184 + (-2690)/16. Let d = -78 - g. What are the prime factors of d?
2, 3, 5
List the prime factors of ((-289)/(-4))/(32/128).
17
Let x be -34 - (-1 - -2)/((-11)/(-44)). List the prime factors of x/(-4)*130/13.
5, 19
Let h = 67 - -45. What are the prime factors of h?
2, 7
Let k(m) = -m**2 + 17*m - 6. Let q = -6 - -18. Suppose -4*h - q = -5*h. What are the prime factors of k(h)?
2, 3
Let t(x) = -x**2 + 8*x - 8. Let w be t(6). Suppose 24 = w*u + j, 2*j = -u + 7*j - 15. What are the prime factors of 118/u + (-4)/(-10)?
2, 3
Let h be 0 + 7 - (-10 - -13). Suppose h = -4*r + 8. What are the prime factors of 4/(-1) + 47/r?
43
Suppose -5*o + 3*h = -3 - 370, 5*h - 174 = -2*o. List the prime factors of o.
7, 11
Let n be (3 - (-2 - 0))/1. Suppose 0 = -2*q + 2*a + 102 - 32, n*a - 185 = -5*q. List the prime factors of q.
2, 3
Suppose -2*l - 2*p = -4162, -1462 = -l - 3*p + 627. List the prime factors of l.
31, 67
Let x(y) = -19*y - 3. Let z be x(-3). Suppose -5*o + 2*s = -141 - z, 143 = 4*o + s. List the prime factors of o.
37
Let n(t) be the second derivative of t**4/2 - 13*t**3/6 + 7*t**2/2 + 5*t. What are the prime factors of n(5)?
2, 23
Let o = -1 - -3. Let v = 1 + o. Suppose -v*m - 11 = 2*a - 53, -2*a - 42 = -3*m. What are the prime factors of m?
2, 7
Let z(q) be the second derivative of -q**3/3 - 2*q**2 - 2*q. Let i be z(-6). Suppose -3*n + i*n - 100 = 0. List the prime factors of n.
2, 5
Suppose -5*j + 0*j + 10 = 5*x, 3*x - 10 = -5*j. Suppose -8*z + 3*z + 105 = x. What are the prime factors of z?
3, 7
Let f be ((-20)/16)/((-4)/16). Suppose y + 356 = f*y. What are the prime factors of y?
89
Suppose -3*v = 3*o - 11175, 3*o + 273*v - 11179 = 274*v. List the prime factors of o.
2, 3, 23
Let g(u) = -3*u - 10. Let o be g(-4). List the prime factors of 105/o + 6/(-12).
2, 13
Let h(x) = 12 + x - 3 - 2*x - 1. Let b be h(14). Let m = 1 - b. What are the prime factors of m?
7
Let i be (-1)/2 - (-162)/4. Let g = -130 + 119. Let u = i + g. What are the prime factors of u?
29
Suppose -5 - 5 = -2*s. Suppose 2*u - l + 3*l - 38 = 0, -l + 75 = s*u. List the prime factors of u.
2, 7
Let f(t) = -t**3 - 44*t**2 - 19*t - 56. What are the prime factors of f(-44)?
2, 3, 5, 13
List the prime factors of (-29 - 4 - 3)*-2.
2, 3
Suppose -2*q = 5*a - 530, 0*q - 4*q - 236 = -2*a. Suppose a = 2*i - 5*m, -4*i + 2*i + 88 = 5*m. Let d = -27 + i. List the prime factors of d.
2, 11
Let a(m) = 10*m - 1. Let b = -8 - -10. Let l be a(b). Let h = l - -11. List the prime factors of h.
2, 3, 5
Let m = -32 + 52. Suppose a + 0*a = m. Let t = a - -6. What are the prime factors of t?
2, 13
Let s be (6/10)/(3/(-15)). What are the prime factors of (s/(-2))/((-5)/(-190))?
3, 19
Suppose 0 = 5*s - 16 - 4. Suppose 5*t - s*l - 10 = l, 2*t + 2*l - 20 = 0. Suppose t*r - 25 - 47 = 0. What are the prime factors of r?
2, 3
Let q be (9/6 - 1)*130. Let n = 33 + -63. Let m = q + n. List the prime factors of m.
5, 7
Suppose 35*z + 32364 = 66*z. What are the prime factors of z?
2, 3, 29
Suppose 3*j = -5*g + 57, -4*g - g = -5*j - 65. What are the prime factors of (-12)/g - (-1 + -28)?
2, 7
Let u(v) = -v**3 + 10*v**2 + 11*v - 3. Let x be u(11). Let z(d) = -44*d - 3 + 4 + d**2 + 45*d. List the prime factors of z(x).
7
Let p be 306/12 - (-1)/2. Let i = 35 - p. Let q = 23 + i. List the prime factors of q.
2
Suppose -4*z = -3*z - 2. Let a be 48/(-9) - z/(-6). Let r = 7 - a. List the prime factors of r.
2, 3
Suppose 3*i - 1420 - 431 = 0. What are the prime factors of i?
617
Suppose -2*x = -2*l + 778 + 1754, 5*l + 3*x - 6370 = 0. What are the prime factors of l?
31, 41
What are the prime factors of 1/((-2)/(-24))*(-30 + 67)?
2, 3, 37
Let g(m) = -5*m**2 + 14*m + 9. Let p(r) = 10*r**2 - 27*r - 19. Let t(k) = 5*g(k) + 3*p(k). What are the prime factors of t(-4)?
2, 7
What are the prime factors of ((-6)/(-36))/((-2)/(-18))*556?
2, 3, 139
Let a(u) = 132*u**2 - u + 1. Let d be a(-1). Let q = d + 41. List the prime factors of q.
5, 7
Suppose 0 = -20*o + 23*o - 2985. List the prime factors of o.
5, 199
Suppose 771 = -7*h - 132. Let r = 344 + h. What are the prime factors of r?
5, 43
Suppose -324 = 18*m - 3132. Suppose -8*r = -9*r + m. What are the prime factors of r?
2, 3, 13
Let r be 36/((-11)/3 + 3). Let m = -38 - r. List the prime factors of m.
2
Let x = 38 + -38. Let p(t) = t**2 + 69. List the prime factors of p(x).
3, 23
Let v be (-5)/(-20) + (-15)/(-4). Suppose j = -v*j. Suppose j*g - 5*d = -5*g + 35, -2*g = 3*d - 4. What are the prime factors of g?
5
Suppose 5*p - 3*c = p + 35, -2*p + 34 = 4*c. Let w = p - 9. Suppose w*x - 4*m - 47 = m, -3*x + 133 = 5*m. List the prime factors of x.
2, 3
Let d be ((-4)/(-3))/((-32)/(-72)). Let i be (139 - (4 + -6)) + d. Suppose -5*b + i = -3*h, 0 = 4*b - 4*h - 61 - 59. List the prime factors of b.
3
Suppose -4*b = b - o - 280, 3*o = 3*b - 168. Suppose -4*l + b = -436. What are the prime factors of l?
3, 41
Let w = 33 + -8. Suppose -j - w = 4*j. Let b = j - -58. List the prime factors of b.
53
What are the prime factors of 1/((-7)/(0 + -1659))?
3, 79
Suppose -10 = 7*n - 12*n. Suppose m + n*l = 27, -4*m - l - 64 = -6*m. What are the prime factors of m?
31
Let p = 59 - 98. Let d be (p/5)/((-17)/85). Suppose -a = -5*a + 4, 3*a - d = -4*l. What are the prime factors of l?
3
Suppose 0 = -m - 19 + 16. List the prime factors of (-4 + 4 - -6)*(-61)/m.
2, 61
Suppose 10*l - 5*l - 3*j + 45 = 0, -3*l = 4*j + 27. Let y = l + 8. What are the prime factors of (y - -19)*6/4?
3
Suppose -4*t - 4*g = -36, t - 1 = 2*t + 3*g. Suppose -2*p - t = -172. List the prime factors of p.
79
Suppose -5*x - 5*o + 106 = -o, 2*x + 2*o = 42. What are the prime factors of ((-8)/x)/2 - (-2916)/66?
2, 11
Suppose -1 = -3*n + 11. Suppose -n*a + 54 + 122 = 0. Suppose 3*h = -h + a. What are the prime factors of h?
11
Let o = 153 - -273. List the prime factors of o.
2, 3, 71
What are the prime factors of 2 - (-44121)/15 - 12/(-20)?
2, 23
Suppose -5*f = -f - 48. Let v be 2*(1 + 0/5). Suppose 2 = -v*a + f. List the prime factors of a.
5
Suppose s = 2*v + 15, -4*v - 37 = -s - 2*s. Suppose -s = 3*p - 19. Suppose 0*t = p*t - 96. What are the prime factors of t?
2, 3
Suppose -5771 - 7541 = -16*l. What are the prime factors of l?
2, 13
Let j be 4/30 + (-290)/(-75). Let v = 10 - j. Suppose 225 = v*b + 9. List the prime factors of b.
2, 3
Suppose -4*i = -5*i + 4*o + 46, 4*i - o - 124 = 0. Let c = 30 - i. Suppose c = 4*q - v - 148, -5*v + v - 174 = -5*q. What are the prime factors of q?
2, 19
Let d(y) be the second derivative of -y**4/12 + 13*y**3/6 - 5*y**2/2 - y. Suppose 1 + 1 = 2*t - 5*v, -5*t - 5*v + 40 = 0. List the prime factors of d(t).
37
Suppose -4*s + 1 = c, c - 3*s - 18 = -2*c. Suppose -c*a + 1294 = 149. Suppose 5*n = 2*l - 95, 0 = 7*l - 2*l - 4*n - a. List the prime factors of l.
3, 5
Suppose 8479 = 14*t + 1913. List the prime factors of t.
7, 67
Let k = -702 - -986. List the prime factors of k.
2, 71
Let j(g) = 5*g**3 - g**2 + 3*g - 2. Let l be j(1). Suppose l*d = -6*d + 1089. List the prime factors of d.
3, 11
Let m = 0 + 4. Suppose 15 = r + 4*p, -3*r = m*p - 64 + 11. What are the prime factors of r?
19
Suppose -15 = -4*b - 3. What are the prime factors of 48 - (b/(-3) - -3)?
2, 23
Suppose -2*j + 6 = -3*j. Let p be 0/(j + (3 - -1)). Suppose -8*q + 6*q + 92 = p. List the prime factors of q.
2, 23
Let h = -15 + 0. List the prime factors of (-5)/h*(184*2 - -1).
3, 41
Suppose 21*n = 71*n - 65300. What are the prime factors of n?
2, 653
List the prime factors of 90114/161*(-21)/(-9).
2, 653
Let r = 0 + 3. Let c(d) = 165*d - 1 - 160*d + 4. List the prime factors of c(r).
2, 3
Let m(b) = b**3 + b + 12. Suppose v - 3*v = 0. Let c be m(v). Let x = c + 17. List the prime factors of x.
29
Suppose 36 = -2*w - 0*w. What are the prime factors of (86/3)/((-6)/w)?
2, 43
Let y(a) be the third derivative of -7*a**6/60 - a**5/30 + a**3/6 + 8*a**2. Let h be y(-2). Suppose 5*k - h = 85. List the prime factors of k.
2, 19
Suppose 0 = -i, 8 = 3*t - 4*i + 2. Suppose t*r = -2*x +